me factors of t(-16).
2, 17, 19
Let h = -3047 - -19213. List the prime factors of h.
2, 59, 137
Let a = 20400 + -7664. What are the prime factors of a?
2, 199
Suppose 2*w - 54 = 6. Suppose -9*i - w = -15*i. Suppose 3*n = i*h + 374, -4*h = -1 + 5. What are the prime factors of n?
3, 41
Let r(i) = 20 + 11*i**2 - 6*i + 19*i**2 - 5*i. List the prime factors of r(3).
257
Let k = 2 + 102. List the prime factors of ((-4)/16)/((-3)/k)*18.
2, 3, 13
Suppose -4*g - 4*k = -6800, 13*g - 4*k + 1697 = 14*g. List the prime factors of g.
3, 7
Let f = -278 - -283. Suppose -y - 6*u + 57 = -8*u, -f*y - 5*u = -285. What are the prime factors of y?
3, 19
Let l be 7/(147/36) - 18/(-63). Let w = 16 + -10. Suppose -l*t - w = -3*t. List the prime factors of t.
2, 3
What are the prime factors of 11/(176/(-72))*(-3)/9*26312?
2, 3, 11, 13, 23
Let i = 44 - 29. Let q be ((-271)/3 + (i - 18))*-3. Let f = q - 160. What are the prime factors of f?
2, 3, 5
Let k(v) = -2*v + 55. Let o be k(23). Suppose -152 = q - o*q. List the prime factors of (-4)/5*(-11 - q).
2, 3
Suppose 2*g - 4 = -3*n, 3*g + 6 = n + 6*g. Suppose n = -12*q - 4*q + 13712. What are the prime factors of q?
857
Let c(h) = -998*h + 11024. What are the prime factors of c(-21)?
2, 15991
Let k = -92262 + 157676. What are the prime factors of k?
2, 32707
Suppose 4309 = 3*i + 86*q - 85*q, 0 = -4*i + q + 5743. List the prime factors of i.
2, 359
Let j(i) = 2*i**2 - i + 39. Let x(w) = -3*w**2 + 9*w - 13. Let f be x(3). List the prime factors of j(f).
2, 3, 5, 13
Suppose -2790 = -12*y + 9*y. Suppose 12*j - 546 = y. List the prime factors of j.
3, 41
Suppose 59947 + 67363 = 2*v - 8*q, 318475 = 5*v + 5*q. List the prime factors of v.
3, 13, 23, 71
Suppose -7*w = 1766 + 1293. Let d = 958 + w. Suppose 4*h = 2*s - 228, -5*h + d = 2*s + 2*s. List the prime factors of s.
2, 31
Let k be (1 - 54/(-9)) + -3. Suppose 0 = p - 3*s - 146 - 897, -k*s = 2*p - 2136. What are the prime factors of p?
2, 23
Suppose 20 = r - 4. Let x(h) = -r - 4*h - 4*h + 0*h. List the prime factors of x(-12).
2, 3
Suppose 4*u = -4*n + 18492, 2*u = 7*u + n - 23111. Suppose 9*l - u = -1346. List the prime factors of l.
2, 7, 13
Let l(f) = 2*f. Let t be l(-3). Let a(v) = -33*v - 1 + 5 + 16*v + 2*v. What are the prime factors of a(t)?
2, 47
Suppose -75 = -34*t - 381. What are the prime factors of 157/((-135)/(-30)*(-1)/t)?
2, 157
List the prime factors of (-7351)/(-1) - (-17 + (12 - -10)).
2, 3673
Let v(q) = 11*q**3 + 3*q - 2. Let l be (-17)/68 - 22/8. Let i be (-1)/l - (-2)/3. What are the prime factors of v(i)?
2, 3
Let x = 34961 - 24005. List the prime factors of x.
2, 3, 11, 83
Let y = -5777 - -5770. Let a(i) be the first derivative of -9*i**2 - 25*i - 1. What are the prime factors of a(y)?
101
Suppose a + 5*w - 9*w - 11063 = 0, -4*w + 20 = 0. Suppose -2*c = -2*p + p + 1576, -7*p - 3*c + a = 0. What are the prime factors of p?
2, 7, 113
What are the prime factors of (-8 - 3)/(15/(-48510))?
2, 3, 7, 11
Let v be (-1 + 53)/(2/4). Let p be ((-144)/28)/(-4 - 54/(-14)). Let n = v - p. What are the prime factors of n?
2, 17
Let z = 4901 - 3329. What are the prime factors of z?
2, 3, 131
Let q(j) = j + 28. Let g = 40 - 36. Let s(f) = 8*f - 23. Let p be s(g). List the prime factors of q(p).
37
Let v(j) = 28 - 10*j - 4*j + 1 + 18*j**2 + 25 - 22. List the prime factors of v(6).
2, 149
Suppose 4*n = -2*t + 192816, 4*n - 92*t + 97*t = 192804. What are the prime factors of n?
2, 24103
Let t be (-4)/(-2) - (-1 - 0). Suppose 5*n - 30 = -5*g, 15 = 4*g + 2*n - t. Suppose -5*q + g*k = -252, 2*q + 2*k + 23 = 111. List the prime factors of q.
2, 3
Let i(d) = -d**2 - 5*d - 3. Let l be i(-3). Let t(k) = k**2 - 4 - k**l + 89*k - 49*k - 13 - 46*k. List the prime factors of t(-4).
3, 29
Let g(p) be the third derivative of -p**6/120 - p**5/6 + p**4/4 + 17*p**3/3 - p**2 - 2. What are the prime factors of g(-13)?
463
Let l = 69 - 61. Suppose 4*w + l = 3*y, y + 5 - 15 = 5*w. What are the prime factors of (-309)/w*24/36?
103
Let u be (-16)/6 + 3 + (-336)/9. Let x = u - -39. Suppose -294 = -2*r - 2*i - 2*i, 0 = -3*r + x*i + 417. What are the prime factors of r?
3, 47
Suppose -i + o + 8560 = 0, -280*o + 275*o = -4*i + 34244. What are the prime factors of i?
2, 3, 23, 31
Let j = 869 + 1692. What are the prime factors of j?
13, 197
Let d(o) = o**3 - 16*o**2 - 2*o + 35. Let p be d(16). Suppose 0 = 5*g - 0*z - p*z - 1263, 755 = 3*g + z. What are the prime factors of g?
2, 3, 7
Suppose 7980 = 4*w + 3*d, 0 = -5*w + 7*w + 2*d - 3992. What are the prime factors of w?
2, 3, 83
List the prime factors of (13 - (-64659)/35)/(10/25).
4651
Let h be (-3)/(-9)*0/3. Let k(u) = -u**3 - u + 6. Let g be k(h). What are the prime factors of ((-2)/2 - g/(-9))*-243?
3
Let q(o) = o**2. Let j be q(0). Let s(r) = 17*r**2 - 13*r + 13. Let v be s(-5). Suppose 6*l + 131 - v = j. List the prime factors of l.
2, 31
Suppose 0 = 19*l - 76*l + 246126. What are the prime factors of l?
2, 17, 127
Suppose 3*y = 2*q + 7 - 1, 3*y - 5*q = 6. Let j be -74 - (0 - (-2 + 2))/y. Let w = 6 - j. What are the prime factors of w?
2, 5
Let l = -28 - 51. Let d = 85 + l. List the prime factors of d.
2, 3
Let z(d) = d**3 - 11*d**2 + 14*d - 3. Let k be 1/((-2)/(-6)) - (12 + -14). Suppose -k*o = 34 - 84. List the prime factors of z(o).
37
Suppose 32*s + 141291 = 642507. List the prime factors of s.
3, 23, 227
Let p = 64976 + -35276. What are the prime factors of p?
2, 3, 5, 11
Let h be -5 + 5 + (2 - 42/(-1)). Suppose -5*x - w + 439 = 0, 2*w - 42 - h = -x. What are the prime factors of x?
2, 11
Let b(d) = 10*d**2 - 7*d + 8. Let s be b(1). Let n(q) = 62*q + 44. What are the prime factors of n(s)?
2, 3, 11
Let a be (36/(-12))/(1/39 - 0). Let x = a - -348. List the prime factors of x.
3, 7, 11
Suppose -12 = -4*c, j + 4*c = 4070 - 946. List the prime factors of j.
2, 389
Let j be (2 - 3)*1 + 10. Suppose -8*n + j*n - 3 = 0. Suppose -l - 173 = -n*l + 3*u, -4*l + 296 = 4*u. What are the prime factors of l?
79
Let y = -333 + 340. Suppose 0 = y*f - 3*f - 812. List the prime factors of f.
7, 29
Let v(k) = 15793*k + 3*k**2 - 14 - 15772*k + 14*k**2 - k**3. List the prime factors of v(17).
7
Let g be 4/(-10) - 105696/160. Let y = g - -982. What are the prime factors of y?
3, 107
Let c(x) = 2*x**2 + 9*x - 10. Suppose 46*w - 47*w = -6. What are the prime factors of c(w)?
2, 29
Let q(k) = 2196*k + 4276. List the prime factors of q(16).
2, 59, 167
List the prime factors of 0 + 36/120 + (-3061524)/(-120).
31, 823
Suppose -10 = -11*u + 6*u. Suppose -d = -19 + u. Suppose 2*a - 41 = -d. What are the prime factors of a?
2, 3
Let d = 8652 - 5068. List the prime factors of d.
2, 7
Let o = -103 - -93. Let f be 747/(-4) - (o/(-8) + -1). List the prime factors of 10/((-25)/5) - f.
5, 37
Let r = -2142 + 3168. What are the prime factors of r?
2, 3, 19
Let i = -24 - -26. Suppose i = -h - 3*k - 0*k, -2*h + 3*k + 14 = 0. Suppose 0 = 2*q + 10, 0 = -h*z + 3*z + 5*q + 112. What are the prime factors of z?
3, 29
Suppose -5*k = -5*y - 8990, -y + 4*k + 8981 = -6*y. Let p = y + 2598. List the prime factors of p.
3, 89
Suppose 356*m + 78806 = 189*m + 180*m. What are the prime factors of m?
2, 7, 433
Let y(m) = -156*m + 22. Let p be y(-5). Suppose 0 = -13*g - 1356 - p. Let a = g + 371. List the prime factors of a.
5, 41
Let z(p) = -295*p - 1745. What are the prime factors of z(-13)?
2, 5, 11, 19
Let x be (5/(-3) - -3)*6. Suppose j = 2*m + 75, m - j - 10 = -46. Let k = x - m. List the prime factors of k.
47
Suppose -830*l = -820*l - 137850. List the prime factors of l.
3, 5, 919
Let d(v) = -46*v + 22*v + 6 + 19*v + 554*v**2. Let r be d(1). Suppose 0 = -4*b + 9*b - r. What are the prime factors of b?
3, 37
Let q(k) = 6*k**2 - 447*k - 154. List the prime factors of q(83).
4079
Let x = -14029 - -38495. List the prime factors of x.
2, 13, 941
What are the prime factors of (-910)/(-20)*(-3792)/(-84)?
2, 13, 79
List the prime factors of 400/32 + -11 - 1/(-4)*46738.
2, 5843
Let v be (6/8)/(27443/2288 + -12). Let w = v - -211. What are the prime factors of w?
79
Suppose -129*y = -128*y + 723. Let q = -302 - y. List the prime factors of q.
421
Let j = 4194 + -2929. What are the prime factors of j?
5, 11, 23
Let p(l) = -14*l - 8. Let b be p(-1). List the prime factors of (-11)/(-33) + 4/b - -